 + 2/2 + f. Suppose 3*z + z = y. Is z a composite number?
True
Let k = 17 - 1. Let z be k - ((1 - -2) + -1). Is (-2330)/(-14) + (-6)/z composite?
True
Let t(b) = -4*b + 21*b + 72*b - 60. Is t(11) prime?
True
Let c = 15 - 24. Let f = 1370 + c. Is f a composite number?
False
Let f = 12 - 12. Suppose 5*r + 0*r - 525 = f. Suppose -r - 365 = -5*m. Is m composite?
True
Let x = 144765 - 83374. Is x a prime number?
False
Suppose 12*b - 16*b - 12 = 0. Is b + ((-996)/(-7) - 16/56) composite?
False
Let o(a) = -a + 191. Suppose 5*i = 6 - 1, 5*n = 2*i - 137. Let y be 2/(-9) + (-6)/n. Is o(y) prime?
True
Let j = -163 + 108. Let t = 162 + j. Suppose n = t + 20. Is n composite?
False
Let l(c) = 103*c**2 - 1. Let w be l(-1). Suppose 98*q + 1384 = w*q. Is q a composite number?
True
Suppose d = -4*j + 3, -3*d - 22 = -4*j + 1. Let f(r) = -2*r**3 - 4*r**2 - 2. Let p be f(d). Suppose 3*k + p = 4*s, k + 72 = -s + 3*s. Is s a composite number?
True
Is 2/13 - 1/((-39)/177561) prime?
False
Is (2/3)/((-38)/(-155097)) + -2 a composite number?
False
Let u(y) = -16*y**3 - 16*y**2 - 4*y - 11. Is u(-7) prime?
True
Let n(o) = 162*o**2 + o. Let h = 39 + -24. Suppose h = -5*t + 20. Is n(t) prime?
True
Let q(o) = o**3 - 10*o**2 - 12*o + 20. Let s be q(11). Is -20919*(24/s - 3) composite?
True
Let g = -5515 - -10232. Is g a composite number?
True
Suppose -4*q - d + 4*d = 12, -5*q = -d + 4. Suppose -c = -4*c + 5*j + 69, -3*c + 3*j + 69 = q. Is c a prime number?
True
Let o(y) = y**3 + 10*y**2 - 12*y - 7. Let c be o(-11). Suppose 561 = -3*a + 3*v, -v - 173 = a + c. Let z = 343 + a. Is z prime?
False
Let y = -100 + 94. Let h(j) = 22*j**2 - 8*j - 9. Is h(y) composite?
True
Let x(i) = 696*i**2 - 13*i + 6. Is x(-7) a prime number?
False
Suppose 1 = -b - g - 0, 0 = b - 4*g - 14. Suppose 2*l + 3*t - 872 = b*t, 3*l - 1308 = 2*t. Suppose k + 167 - l = 0. Is k a prime number?
True
Suppose -2 = 2*a - i, i - 2 + 0 = a. Let o be 4/(a + (-2)/(-5)). Is 206/o - (-2)/5 a composite number?
True
Let x(f) = 2*f**2 + 3*f - 1. Let r = 4 + 6. Let k be 105/r*(-6)/(-9). Is x(k) a prime number?
False
Let g be (-1)/(0 - (-2)/(-12)). Let f(x) be the first derivative of x**3 + 11*x**2/2 + 3*x + 1. Is f(g) composite?
True
Suppose -7*u + 18722 = -56871. Is u a composite number?
False
Suppose -4*h = -16, 4*v = -h - h + 888. Suppose -4*r + 9*r - 222 = -4*k, -4*k = 4*r - v. Is k composite?
False
Is (-19 - -24) + 9222/3 a composite number?
False
Let h = 468 + -262. Suppose 5*y - 189 = 2*t + 149, 3*y + 2*t - h = 0. Let p = y + 6. Is p prime?
False
Let g be (-4)/12 + (-1748)/3. Let t = -217 - g. Suppose 3*s + 332 = 3*r + 65, 4*r + s = t. Is r a composite number?
True
Is ((-17998)/(-2))/((-15 - -7)/(-8)) composite?
False
Suppose 13 = 3*y + 4*c, 5 = y + 3*c - 1. Suppose 74 = y*s - 97. Is s a composite number?
True
Let k(v) = -v**3 - 12*v**2 - 12*v - 8. Let i be k(-11). Suppose q + i*z = 4239 - 1353, 3*q - 8718 = 3*z. Is q prime?
False
Let m(k) = -k - 42. Let i be m(6). Let o = 139 + i. Is o composite?
True
Let l(q) = 2*q**2 - 10*q - 8. Let h be l(6). Suppose -g + 1266 = g. Suppose h*z - g = z. Is z a composite number?
False
Let y(r) = -90*r**3 + 2*r**2 - 2*r - 3. Suppose 10*x = -11 + 1. Is y(x) a composite number?
True
Suppose -4*n = -3*h - 0*n - 373, 3*h + 389 = -4*n. Let u = 312 + h. Is u a composite number?
True
Let p(l) = 59*l**3 + l**2 - 4*l - 1. Let i be p(3). Let y = -956 + i. Is y prime?
False
Let f(o) be the third derivative of o**7/168 - o**6/144 - 7*o**5/120 - o**4/6 + 7*o**2. Let h(u) be the second derivative of f(u). Is h(6) a prime number?
True
Let z = 7450 - 2997. Is z a prime number?
False
Suppose 4*o = 3 + 13. Suppose o*h + 9 + 7 = b, -b - 2*h + 10 = 0. Suppose 4*u - 504 = -4*m + 5*m, 3*m = b. Is u a composite number?
False
Suppose 0 = -4*o - 3*u + 6038, -5*o + 7557 = -10*u + 9*u. Is o a prime number?
True
Suppose 5*b + 0*b = 3*w - 20, -3*b + 2 = w. Suppose 0*v - w*v + 1380 = 0. Suppose -s + v = 3*s. Is s a composite number?
True
Let o(n) = 89*n - 149. Let u(r) = -44*r + 75. Let h(q) = -6*o(q) - 11*u(q). Is h(-12) a composite number?
True
Suppose 9716 = 2*m + 2*s, 3*m + 6*s = 8*s + 14589. Is m prime?
True
Let w be 1128/(-2)*(39/(-6) + 5). Let o = 2597 - w. Is o composite?
True
Suppose 13233 = 398*p - 387*p. Is p a prime number?
False
Let c = -24 + 29. Suppose 188 + 267 = c*x. Is x a composite number?
True
Let s be 3/((-6)/(-74))*-1. Let o = s + 114. Is o prime?
False
Let g = 21 - 19. Suppose -a - g*m = -569, 6*m = -5*a + m + 2835. Is a composite?
True
Let s(f) = -f - 3. Let z be s(-7). Suppose -t + z = -12. Let h = t + 69. Is h a prime number?
False
Let x(j) = -7483*j**2 + 3*j + 1. Let c(l) = -14966*l**2 + 6*l + 1. Let a(d) = 2*c(d) - 5*x(d). Is a(-1) prime?
False
Let p = 389 - 214. Suppose p = s + 4*g, 6*s = s - 5*g + 935. Is s prime?
True
Let b = -10274 - -28975. Is b a composite number?
False
Suppose -d - 1 = -3*l, -4*d + 22 = 2. Let o(p) = -4*p**2. Let w be o(l). Is (-426)/(-4) - w/(-32) prime?
False
Let l = 33 - 30. Suppose o - l*k - 155 = -5*k, 473 = 3*o + 4*k. Is o a prime number?
True
Let w(r) = r**3 + 14*r**2 - 3*r - 1. Let t be w(-13). Suppose -p - 6 + t = 0. Is p a composite number?
True
Let k be -854 - 1/(2/(-4)). Let g = k + 1301. Is g prime?
True
Let b be 12/(-18)*9/(-2). Let s be 1/2*(b - -7). Suppose m = 5*w + 42, 0*w + 114 = s*m - w. Is m composite?
True
Suppose 3*w + 7 = 4*d, w - d + 0 = -1. Let t be 1579/4 + w/12. Suppose p - 6*p = -t. Is p composite?
False
Suppose -1115262 = 3*r - 7*r + 2*k, 2*k = -10. Is r a composite number?
False
Let k = 12 - 10. Let q be 4/k*1*-1. Is 6/(-3)*3/q a prime number?
True
Let b be 4214/17 + 6/51. Let q(s) = 28*s - 3. Let v(t) = 2325*t - 248. Let d(g) = b*q(g) - 3*v(g). Is d(-5) composite?
True
Let a(d) = -2*d**2 + d + 443. Suppose 0*u + 3*u = 0. Suppose u = 2*w - 5*w. Is a(w) prime?
True
Suppose -2*r - n + 774 = 0, -2 = -4*n + 14. Let u = 265 + r. Suppose -7*x = -5*a - 2*x + u, 0 = a - 3*x - 128. Is a prime?
True
Suppose 0 = 20*b + 43527 - 146947. Is b a composite number?
False
Let c(n) = 176 - 4*n + 18 + 5*n - n**2 + 69. Let d be c(0). Suppose 0*g - d = -g. Is g prime?
True
Let n = 1669 - -1422. Is n prime?
False
Let f be (-23*5 + 2)*1. Let i = -58 - f. Suppose 0 = -c - 5*j + 14 + 7, 3*j = 2*c - i. Is c a prime number?
False
Let q be 8 + 0/(-5 - -3). Suppose 2*x + 0 = -q. Is (-296)/10*10/x a composite number?
True
Suppose -5*x = -5*t + 11165, 5*t - t = 3*x + 8934. Suppose -t = -5*z - 2*v - 2*v, 4*v = -2*z + 906. Is z a prime number?
True
Let y = 60 - 48. Suppose -11*a = -y*a + 835. Is a a prime number?
False
Let o(f) = 3959*f + 51. Is o(30) a composite number?
True
Let m(j) = j**3 + 12*j**2 + 6. Let q be m(-12). Let a(x) = x - 2. Let k be a(q). Suppose -n = b - 538, -3 = 5*b - k*b. Is n a composite number?
False
Let f be -3*1 + -13 + -48. Let a = -36 - f. Let o = a + 7. Is o prime?
False
Let z(u) = 25624*u**3 + 2*u**2. Let f be z(1). Suppose 7791 = -15*o + f. Is o prime?
False
Let q = 42 + -37. Suppose -2456 - 2429 = -q*o. Is o prime?
True
Let g(r) = r**3 - 5*r**2 + r + 6. Let w be g(5). Let h = w - 9. Suppose -d = h*d - 786. Is d composite?
True
Let w(y) = -2282*y - 65. Is w(-2) a composite number?
True
Suppose -w - 2*w - 12656 = 4*g, 4*w = -3*g - 16870. Let x = w - -6011. Is x composite?
True
Let j = -76 + -19. Suppose 0*q = -q - 18. Let f = q - j. Is f a composite number?
True
Suppose -4*s - 6*s = -80090. Is s a composite number?
False
Let t = 81 + -78. Suppose -4*i + a - 1 = -33, 2*a = i - 8. Suppose t*y + 4855 = i*y. Is y composite?
False
Is (-1 - 0)/(((-8)/(-1594))/(-4)) a composite number?
False
Let z(p) = -p**3 - 6*p**2 + 9*p - 3. Let v be z(-7). Let c = -6 - v. Suppose -6*f = -c*f + 415. Is f a prime number?
True
Let o(v) = -2*v**3 - 22*v**2 - v + 32. Let d = 17 + -32. Is o(d) prime?
True
Let s = 565 - 94. Let l = 209 - s. Is (l/(-6))/((-2)/(-6)) prime?
True
Let m(r) = 70*r**2 + 6*r + 4. Let i be m(7). Suppose 4*g - p = i, 5*g = 3*p + 4116 + 229. Is g a composite number?
True
Let s(x) = -4*x**3 - 3*x**2 + 2. Let j be s(2). Let n = -107 - -174. Let h = j + n. Is h a prime number?
False
Suppose -2*n - h = -0*h - 6598, 3*n + 5*h - 9897 = 0. Is n prime?
True
Let k be 1*(2*-2 + -1). Let g(j) be the second derivative of j**4/12 + j**3/3 + j + 1